-22. What are the prime factors of b?
7
Let k = 11 + 3. Suppose -k + 64 = 5*r. What are the prime factors of r?
2, 5
Let j(o) = 16*o**3 - o**2 - 2*o - 1. Let r be j(-1). Let k = r - -24. Suppose -76 = -k*n + 4*n. What are the prime factors of n?
19
List the prime factors of 3 + -4 - 3*-1.
2
Suppose 3*x + 15 = 0, 12 = 4*m + 2*x - 66. What are the prime factors of m?
2, 11
Suppose 8 = -3*h - 4. Let t be 1/(-2) + (-34)/h. Let z(i) = 3*i - 12. List the prime factors of z(t).
2, 3
Let v = -20 - -36. Suppose 5*l + 43 = 3*r, 0 = -2*r + l - 4*l + v. List the prime factors of r.
11
Let t = 2 - 5. Let d = t - -5. List the prime factors of d.
2
Suppose 3*m + g = 11, -2*m - 4*g - 10 = g. Suppose -n + 2*n - 2*s = 0, -m*n = 3*s - 26. What are the prime factors of n?
2
Let k = 27 - 4. What are the prime factors of k?
23
List the prime factors of (1 + -3)*(-42)/4.
3, 7
Let s be 1 + -3 - -18*1. Let h = s - 11. What are the prime factors of h?
5
Let x(k) be the first derivative of -k**4/4 + 5*k**3/3 - 4*k - 2. Let g be x(4). List the prime factors of (-45)/g*(-16)/6.
2, 5
Let f(z) = -3*z**3 - 2*z**2 - 3*z - 3. Let q be f(-2). Suppose -5*v + q = -1. List the prime factors of 1/((-3)/3) + v.
3
Suppose 0 = -2*o + 3 + 3. Suppose 0*s + o*s - 6 = 0. Suppose s*q - 4*p - 43 = -q, -2*q + 2*p + 28 = 0. List the prime factors of q.
13
Let w(s) = s**2 - 3*s + 6. Let o = 3 - 8. What are the prime factors of w(o)?
2, 23
Let m(j) = j**3 - 7*j**2 - 8*j + 12. Let y be m(8). What are the prime factors of 8/y*39/2?
13
Let v(y) = 15*y + 1. Let t be v(1). List the prime factors of (t - 4)*3/4.
3
Let a(f) = 2*f**2 + 2*f - 2. Let g be a(2). Let y = 67 + -48. Let d = y - g. List the prime factors of d.
3
Suppose 0*p - 2*q - 50 = -2*p, 136 = 4*p + 5*q. List the prime factors of p.
29
Suppose -3*r + 13 = 49. Let n = r + 24. List the prime factors of n.
2, 3
Let k(r) = -8*r - 29. What are the prime factors of k(-14)?
83
List the prime factors of (16 - 0) + (-4)/4.
3, 5
Let l be (-4)/(-5)*(-250)/(-4). Let b be ((-9)/(-6) + -1)*6. Suppose -3*q + 4*v + l = 0, 4 = -b*v - 2. List the prime factors of q.
2, 7
Let i = 41 - 29. Let v(f) = -f**2 + 2*f + 1. Let s be v(2). Let k = i + s. What are the prime factors of k?
13
Suppose 0 = 6*l - 4*l. Suppose l = 3*u - 2*k - 100, -3*k - 128 + 29 = -3*u. List the prime factors of u.
2, 17
Let d = -8 - -47. Suppose r = 4*r - d. What are the prime factors of r?
13
Let f(p) = p**3 - 9*p**2 - 12*p - 1. Let n be f(10). What are the prime factors of 154/3 + 7/n?
3, 17
Let p(y) = -y**3 - 7*y**2 + y + 7. Let m be p(-7). Suppose 4 = -t - m*t. List the prime factors of 392/22 - t/22.
2, 3
Suppose 4*j - j - 3*p = 177, 0 = 2*j + 5*p - 153. What are the prime factors of j?
2
List the prime factors of ((-1742)/(-39))/((-2)/(-3)).
67
Let r be (-2)/(-8)*4*7. Let i = 21 - r. List the prime factors of i.
2, 7
Let x(h) = 3*h**2 - 12*h + 12. What are the prime factors of x(7)?
3, 5
Let j(a) = -a**2 + a + 2. Let h be j(4). Let c(l) = l**3 + 10 - 5*l - 2*l - 2 + 9*l**2 - 3*l. List the prime factors of c(h).
2
Let s(f) = -f**3 - 10*f**2 - f - 4. Let w = -29 + 19. What are the prime factors of s(w)?
2, 3
Let v be (-6*2 - 0)*-1. Let p = v + -5. What are the prime factors of p?
7
Let g(i) = 11*i**2 + 27*i + 10. Let f(h) = 7*h**2 + 18*h + 7. Let z(n) = -8*f(n) + 5*g(n). Let y be z(-8). List the prime factors of (3 + 7)/(y + -1).
2, 5
Suppose -5*z = -5*b - 0*z + 10, 2*z + 4 = -5*b. List the prime factors of b + 1 - (-12)/2.
7
Let s be (0 - (-2)/(-4))*-18. What are the prime factors of (-6)/4*(-282)/s?
47
What are the prime factors of (-14)/63 - (-1532)/9 - -3?
173
Suppose 201 + 229 = 2*d. List the prime factors of d.
5, 43
Suppose -5*x + 3 = r, -6*r = -4*x - 2*r - 12. Let y(d) be the second derivative of d**3/6 + 3*d**2/2 + 2*d. What are the prime factors of y(x)?
3
Let f(t) = -18*t + 42. List the prime factors of f(-11).
2, 3, 5
Suppose -2*u + 6 = -18. What are the prime factors of u?
2, 3
Let u = 2 - -1. Suppose 4*l - 80 = -4*g, u*l + g - 35 = 33. List the prime factors of l.
2, 3
Suppose -r = 4*b + 3 + 6, 5*b + 5*r = 0. Let t(m) = 2*m**2 + 3*m + 1. What are the prime factors of t(b)?
2, 5
Let u = -56 - -109. List the prime factors of u.
53
Suppose 3*b = b. List the prime factors of (10 + b)/((-1)/(-2)).
2, 5
Let u = -16 - -22. Suppose 0 = 2*p - 18 - u. Suppose 5*w = -2*y + p, -3*w + 2*y + 3 + 17 = 0. What are the prime factors of w?
2
Let j(c) = -c**3 - 13*c**2 - 12*c + 4. Let h be 50/(-4) - (-3)/6. Let f be j(h). Suppose 24 = f*n - 0*n. List the prime factors of n.
2, 3
Suppose 0 = -4*m + 83 + 325. Suppose -2*a + 2 = 4, -a = h + 10. What are the prime factors of 6/(-4)*m/h?
17
Let l(r) = -2*r + 8. Let m be l(-7). Suppose 5*j = -2*s - m, s - 4*s + 1 = -j. List the prime factors of s*(-1)/(2/18).
3
List the prime factors of (0 - 4/3) + 21046/102.
5, 41
Let d be (-5)/((3/6)/(-1)). List the prime factors of (d/(-3))/(5/(-15)).
2, 5
Let y(v) = -26*v + 32. List the prime factors of y(-7).
2, 107
Suppose 175 = 5*m + f, m - 140 = -3*m + 3*f. What are the prime factors of m?
5, 7
Let a = -3 + 7. Suppose a*g = 5*g - 35. Suppose g = 6*q - q. What are the prime factors of q?
7
Suppose 4*w + 441 = 3*p, 0*p + 4*p = 3*w + 581. What are the prime factors of p?
11, 13
Let n be (3 + -3)/(-1 - 0). Suppose n*b = -b + 27. List the prime factors of (-112)/(-18) - 6/b.
2, 3
Let o be 1 + -2 + (-1 - -14). Suppose b = 2*b. Suppose o = y - b. What are the prime factors of y?
2, 3
List the prime factors of 846/27 - 2/(-3).
2
Let w(h) = h**2 - 3*h - 4. Let q be (9 - 4)*(-1 + 2). What are the prime factors of w(q)?
2, 3
Let a(r) = -2*r**2 + r**2 - 4 + 2*r**2. Let j be a(7). Suppose 5*t + 2*f = j, 7*f - 4*f - 29 = -4*t. List the prime factors of t.
11
Let v(y) = -10*y + 29. List the prime factors of v(-4).
3, 23
Let p = -34 + 70. Let t = p - 22. List the prime factors of t.
2, 7
Let m = -173 + 245. List the prime factors of m.
2, 3
Let c = 79 - 36. What are the prime factors of c?
43
Let m = 17 + -6. List the prime factors of m.
11
Suppose f = 2 + 1. Suppose -f*g + 3*w = -g - 9, -5*g - w = 20. List the prime factors of 3/(-6)*(g + -1).
2
Suppose -7 = -4*w - 3. Let g = 1 + w. List the prime factors of g.
2
What are the prime factors of (-83)/(-4)*(-8 + (0 - -12))?
83
Let m(o) = 2*o**2 - 7*o + 12. Let s(y) = -y**2 + 3*y - 6. Let n(l) = -2*m(l) - 5*s(l). Let j be n(0). Let w = j + 4. List the prime factors of w.
2, 5
Let j(k) = -2*k**3 - 7*k**2 + 53. What are the prime factors of j(-6)?
233
Let b(w) = 10*w**2 - 2*w + 11. Let g(r) = 5*r**2 - r + 5. Suppose 4*c - 5*c = -13. Let p(t) = c*g(t) - 6*b(t). What are the prime factors of p(-1)?
5
Let w be 8/(-6)*(-9)/6. Suppose -4*t + 4*v = 4, 3*t - t + w*v - 14 = 0. What are the prime factors of t?
3
Let m(u) = -u**2 - 9*u + 4. Let n be m(-9). Let i(w) = -w + 4*w + 4 - n + 2. List the prime factors of i(3).
11
What are the prime factors of (-4)/30 - 1169/(-105)?
11
Let q(t) = -134*t**3 - 3*t**2 - 3*t - 1. List the prime factors of q(-1).
7, 19
Suppose l - 8 = 27. Let c = 7 + l. What are the prime factors of c?
2, 3, 7
Let g(w) = 5*w - 2 - w + 4*w + 2*w**2 - 2*w. What are the prime factors of g(-5)?
2, 3
Let v = -23 - -112. List the prime factors of v.
89
Let k be (-1 - 2)/(18/(-12)). Suppose k*x - 19 = -3*c, 2*x = c + 7*x - 28. Let t = 8 - c. What are the prime factors of t?
5
Let m(j) = j**2 + j - 2. Let l be (-1)/5 + (-28)/10. Let z be m(l). Let k = z + 2. List the prime factors of k.
2, 3
Let s = -61 - -88. Let z be (9/(-4))/(6/(-16)). List the prime factors of z/s - (-97)/9.
11
Let g be -3*(1 + (0 - 2)). Let x be 4 - (1 + 3/g). Suppose 5*c = 3*i - 35, 16 = x*i - 2*c - 6. What are the prime factors of i?
2, 5
Let g(v) = v + 24. Suppose 0 = 5*i - 9*i. What are the prime factors of g(i)?
2, 3
Let a(q) = -q**2 + 9*q - 9. Let l be a(7). Suppose k = -2*i - 8, 3*i + k = 2*i - l. Let o = 4 - i. What are the prime factors of o?
7
Suppose 6*t - t - 1340 = 0. List the prime factors of t.
2, 67
Suppose -283 = -2*v + v - 2*y, -4*v + y + 1141 = 0. List the prime factors of v.
3, 5, 19
Let n = 11 + -7. Suppose -2*l = 2*a - 7*a - 58, n*l = -2*a + 164. List the prime factors of (-2)/(-10) - l/(-5).
2
Let q = -17 - -31. List the prime factors of q.
2, 7
Let l(t) = 2*t**2 - 2*t -